[INFO] cloning repository https://github.com/jamienicol/glslopt-crasher
[INFO] running `Command { std: "git" "-c" "credential.helper=" "-c" "credential.helper=/workspace/cargo-home/bin/git-credential-null" "clone" "--bare" "https://github.com/jamienicol/glslopt-crasher" "/workspace/cache/git-repos/https%3A%2F%2Fgithub.com%2Fjamienicol%2Fglslopt-crasher", kill_on_drop: false }`
[INFO] [stderr] Cloning into bare repository '/workspace/cache/git-repos/https%3A%2F%2Fgithub.com%2Fjamienicol%2Fglslopt-crasher'...
[INFO] running `Command { std: "git" "rev-parse" "HEAD", kill_on_drop: false }`
[INFO] [stdout] 6b18604e6e254511fffd2a36f889e6cb335a5f9d
[INFO] checking jamienicol/glslopt-crasher against try#72f88fc4e9458f89516a0b8b0868f3718aec5b47 for pr-74989
[INFO] running `Command { std: "git" "clone" "/workspace/cache/git-repos/https%3A%2F%2Fgithub.com%2Fjamienicol%2Fglslopt-crasher" "/workspace/builds/worker-8/source", kill_on_drop: false }`
[INFO] [stderr] Cloning into '/workspace/builds/worker-8/source'...
[INFO] [stderr] done.
[INFO] validating manifest of git repo https://github.com/jamienicol/glslopt-crasher on toolchain 72f88fc4e9458f89516a0b8b0868f3718aec5b47
[INFO] running `Command { std: "/workspace/cargo-home/bin/cargo" "+72f88fc4e9458f89516a0b8b0868f3718aec5b47" "read-manifest" "--manifest-path" "Cargo.toml", kill_on_drop: false }`
[INFO] started tweaking git repo https://github.com/jamienicol/glslopt-crasher
[INFO] removed path dependency glslopt from git repo https://github.com/jamienicol/glslopt-crasher
[INFO] removed path dependency webrender_build from git repo https://github.com/jamienicol/glslopt-crasher
[INFO] finished tweaking git repo https://github.com/jamienicol/glslopt-crasher
[INFO] tweaked toml for git repo https://github.com/jamienicol/glslopt-crasher written to /workspace/builds/worker-8/source/Cargo.toml
[INFO] crate git repo https://github.com/jamienicol/glslopt-crasher already has a lockfile, it will not be regenerated
[INFO] running `Command { std: "/workspace/cargo-home/bin/cargo" "+72f88fc4e9458f89516a0b8b0868f3718aec5b47" "fetch" "--locked" "--manifest-path" "Cargo.toml", kill_on_drop: false }`
[INFO] [stderr] warning: dependency (glslopt) specified without providing a local path, Git repository, or version to use. This will be considered an error in future versions
[INFO] [stderr] warning: dependency (webrender_build) specified without providing a local path, Git repository, or version to use. This will be considered an error in future versions
[INFO] [stderr]     Updating crates.io index
[INFO] [stderr] error: the lock file /workspace/builds/worker-8/source/Cargo.lock needs to be updated but --locked was passed to prevent this
[INFO] [stderr] If you want to try to generate the lock file without accessing the network, use the --offline flag.
[INFO] the lockfile is outdated, regenerating it
[INFO] running `Command { std: "/workspace/cargo-home/bin/cargo" "+72f88fc4e9458f89516a0b8b0868f3718aec5b47" "generate-lockfile" "--manifest-path" "Cargo.toml" "-Zno-index-update", kill_on_drop: false }`
[INFO] running `Command { std: "/workspace/cargo-home/bin/cargo" "+72f88fc4e9458f89516a0b8b0868f3718aec5b47" "fetch" "--locked" "--manifest-path" "Cargo.toml", kill_on_drop: false }`
[INFO] [stderr] warning: dependency (glslopt) specified without providing a local path, Git repository, or version to use. This will be considered an error in future versions
[INFO] [stderr] warning: dependency (webrender_build) specified without providing a local path, Git repository, or version to use. This will be considered an error in future versions
[INFO] [stderr]  Downloading crates ...
[INFO] [stderr]   Downloaded webrender_build v0.1.0
[INFO] [stderr]   Downloaded build-parallel v0.1.1
[INFO] [stderr]   Downloaded glslopt v0.1.7
[INFO] running `Command { std: "docker" "create" "-v" "/var/lib/crater-agent-workspace/builds/worker-8/target:/opt/rustwide/target:rw,Z" "-v" "/var/lib/crater-agent-workspace/builds/worker-8/source:/opt/rustwide/workdir:ro,Z" "-v" "/var/lib/crater-agent-workspace/cargo-home:/opt/rustwide/cargo-home:ro,Z" "-v" "/var/lib/crater-agent-workspace/rustup-home:/opt/rustwide/rustup-home:ro,Z" "-e" "SOURCE_DIR=/opt/rustwide/workdir" "-e" "CARGO_TARGET_DIR=/opt/rustwide/target" "-e" "CARGO_HOME=/opt/rustwide/cargo-home" "-e" "RUSTUP_HOME=/opt/rustwide/rustup-home" "-w" "/opt/rustwide/workdir" "-m" "1610612736" "--user" "0:0" "--network" "none" "rustops/crates-build-env@sha256:d92eaeed33fa75130ca1ee6c8a01d1ffb62bac859dfdfb3450e3e5d1c0146529" "/opt/rustwide/cargo-home/bin/cargo" "+72f88fc4e9458f89516a0b8b0868f3718aec5b47" "metadata" "--no-deps" "--format-version=1", kill_on_drop: false }`
[INFO] [stdout] 1af07b4da0c948ceea37c6f5dddbbcd8558d1d778c3316d5b6553a9b89b0cfa9
[INFO] [stderr] WARNING: Your kernel does not support swap limit capabilities or the cgroup is not mounted. Memory limited without swap.
[INFO] running `Command { std: "docker" "start" "-a" "1af07b4da0c948ceea37c6f5dddbbcd8558d1d778c3316d5b6553a9b89b0cfa9", kill_on_drop: false }`
[INFO] running `Command { std: "docker" "inspect" "1af07b4da0c948ceea37c6f5dddbbcd8558d1d778c3316d5b6553a9b89b0cfa9", kill_on_drop: false }`
[INFO] running `Command { std: "docker" "rm" "-f" "1af07b4da0c948ceea37c6f5dddbbcd8558d1d778c3316d5b6553a9b89b0cfa9", kill_on_drop: false }`
[INFO] [stdout] 1af07b4da0c948ceea37c6f5dddbbcd8558d1d778c3316d5b6553a9b89b0cfa9
[INFO] running `Command { std: "docker" "create" "-v" "/var/lib/crater-agent-workspace/builds/worker-8/target:/opt/rustwide/target:rw,Z" "-v" "/var/lib/crater-agent-workspace/builds/worker-8/source:/opt/rustwide/workdir:ro,Z" "-v" "/var/lib/crater-agent-workspace/cargo-home:/opt/rustwide/cargo-home:ro,Z" "-v" "/var/lib/crater-agent-workspace/rustup-home:/opt/rustwide/rustup-home:ro,Z" "-e" "SOURCE_DIR=/opt/rustwide/workdir" "-e" "CARGO_TARGET_DIR=/opt/rustwide/target" "-e" "CARGO_INCREMENTAL=0" "-e" "RUST_BACKTRACE=full" "-e" "RUSTFLAGS=--cap-lints=forbid" "-e" "CARGO_HOME=/opt/rustwide/cargo-home" "-e" "RUSTUP_HOME=/opt/rustwide/rustup-home" "-w" "/opt/rustwide/workdir" "-m" "1610612736" "--user" "0:0" "--network" "none" "rustops/crates-build-env@sha256:d92eaeed33fa75130ca1ee6c8a01d1ffb62bac859dfdfb3450e3e5d1c0146529" "/opt/rustwide/cargo-home/bin/cargo" "+72f88fc4e9458f89516a0b8b0868f3718aec5b47" "check" "--frozen" "--all" "--all-targets" "--message-format=json", kill_on_drop: false }`
[INFO] [stdout] 7a47f10b9b0389b4535912a6815e5817c79b4e48f49960591f1a65b4f664e13b
[INFO] [stderr] WARNING: Your kernel does not support swap limit capabilities or the cgroup is not mounted. Memory limited without swap.
[INFO] running `Command { std: "docker" "start" "-a" "7a47f10b9b0389b4535912a6815e5817c79b4e48f49960591f1a65b4f664e13b", kill_on_drop: false }`
[INFO] [stderr] warning: dependency (glslopt) specified without providing a local path, Git repository, or version to use. This will be considered an error in future versions
[INFO] [stderr] warning: dependency (webrender_build) specified without providing a local path, Git repository, or version to use. This will be considered an error in future versions
[INFO] [stderr]    Compiling typenum v1.12.0
[INFO] [stderr]    Compiling byteorder v1.3.4
[INFO] [stderr]    Compiling libc v0.2.77
[INFO] [stderr]     Checking byte-tools v0.3.1
[INFO] [stderr]    Compiling autocfg v1.0.1
[INFO] [stderr]     Checking fake-simd v0.1.2
[INFO] [stderr]     Checking opaque-debug v0.2.3
[INFO] [stderr]     Checking lazy_static v1.4.0
[INFO] [stderr]     Checking cfg-if v0.1.10
[INFO] [stderr]    Compiling glslopt v0.1.7
[INFO] [stderr]     Checking block-padding v0.1.5
[INFO] [stderr]    Compiling crossbeam-utils v0.7.2
[INFO] [stderr]     Checking jobserver v0.1.21
[INFO] [stderr]     Checking num_cpus v1.13.0
[INFO] [stderr]     Checking build-parallel v0.1.1
[INFO] [stderr]     Checking generic-array v0.12.3
[INFO] [stderr]     Checking digest v0.8.1
[INFO] [stderr]     Checking block-buffer v0.7.3
[INFO] [stderr]     Checking sha2 v0.8.2
[INFO] [stderr]     Checking webrender_build v0.1.0
[INFO] [stderr]     Checking glslopt-crasher v0.1.0 (/opt/rustwide/workdir)
[INFO] [stdout] error[E0432]: unresolved import `webrender_build::shader_features`
[INFO] [stdout]  --> src/main.rs:3:22
[INFO] [stdout]   |
[INFO] [stdout] 3 | use webrender_build::shader_features::{ShaderFeatureFlags, get_shader_features};
[INFO] [stdout]   |                      ^^^^^^^^^^^^^^^ could not find `shader_features` in `webrender_build`
[INFO] [stdout] 
[INFO] [stdout] 
[INFO] [stdout] error[E0432]: unresolved import `webrender_build::shader_features`
[INFO] [stdout]  --> src/main.rs:3:22
[INFO] [stdout]   |
[INFO] [stdout] 3 | use webrender_build::shader_features::{ShaderFeatureFlags, get_shader_features};
[INFO] [stdout]   |                      ^^^^^^^^^^^^^^^ could not find `shader_features` in `webrender_build`
[INFO] [stdout] 
[INFO] [stdout] 
[INFO] [stdout] error[E0433]: failed to resolve: use of undeclared type or module `ShaderVersion`
[INFO] [stdout]   --> src/main.rs:35:28
[INFO] [stdout]    |
[INFO] [stdout] 35 |     let shader_versions = [ShaderVersion::Gl];
[INFO] [stdout]    |                            ^^^^^^^^^^^^^ use of undeclared type or module `ShaderVersion`
[INFO] [stdout] 
[INFO] [stdout] 
[INFO] [stdout] error[E0433]: failed to resolve: use of undeclared type or module `ShaderVersion`
[INFO] [stdout]   --> src/main.rs:40:26
[INFO] [stdout]    |
[INFO] [stdout] 40 |         if gl_version != ShaderVersion::Gl {
[INFO] [stdout]    |                          ^^^^^^^^^^^^^ use of undeclared type or module `ShaderVersion`
[INFO] [stdout] 
[INFO] [stdout] 
[INFO] [stdout] error[E0433]: failed to resolve: use of undeclared type or module `ShaderVersion`
[INFO] [stdout]   --> src/main.rs:43:26
[INFO] [stdout]    |
[INFO] [stdout] 43 |         if gl_version != ShaderVersion::Gles {
[INFO] [stdout]    |                          ^^^^^^^^^^^^^ use of undeclared type or module `ShaderVersion`
[INFO] [stdout] 
[INFO] [stdout] 
[INFO] [stdout] error[E0433]: failed to resolve: use of undeclared type or module `ShaderVersion`
[INFO] [stdout]   --> src/main.rs:69:13
[INFO] [stdout]    |
[INFO] [stdout] 69 |             ShaderVersion::Gl => glslopt::Target::OpenGl,
[INFO] [stdout]    |             ^^^^^^^^^^^^^ use of undeclared type or module `ShaderVersion`
[INFO] [stdout] 
[INFO] [stdout] 
[INFO] [stdout] error[E0433]: failed to resolve: use of undeclared type or module `ShaderVersion`
[INFO] [stdout]   --> src/main.rs:70:13
[INFO] [stdout]    |
[INFO] [stdout] 70 |             ShaderVersion::Gles => glslopt::Target::OpenGles30,
[INFO] [stdout]    |             ^^^^^^^^^^^^^ use of undeclared type or module `ShaderVersion`
[INFO] [stdout] 
[INFO] [stdout] 
[INFO] [stdout] error[E0412]: cannot find type `ShaderVersion` in this scope
[INFO] [stdout]   --> src/main.rs:16:17
[INFO] [stdout]    |
[INFO] [stdout] 16 |     gl_version: ShaderVersion,
[INFO] [stdout]    |                 ^^^^^^^^^^^^^ not found in this scope
[INFO] [stdout] 
[INFO] [stdout] 
[INFO] [stdout] error[E0412]: cannot find type `ShaderVersion` in this scope
[INFO] [stdout]   --> src/main.rs:22:17
[INFO] [stdout]    |
[INFO] [stdout] 22 |     gl_version: ShaderVersion,
[INFO] [stdout]    |                 ^^^^^^^^^^^^^ not found in this scope
[INFO] [stdout] 
[INFO] [stdout] 
[INFO] [stdout] error[E0425]: cannot find function `build_shader_strings` in this scope
[INFO] [stdout]   --> src/main.rs:76:36
[INFO] [stdout]    |
[INFO] [stdout] 76 |         let (vert_src, frag_src) = build_shader_strings(
[INFO] [stdout]    |                                    ^^^^^^^^^^^^^^^^^^^^ not found in this scope
[INFO] [stdout] 
[INFO] [stdout] 
[INFO] [stdout] warning: unused imports: `canonicalize`, `read_dir`
[INFO] [stdout]  --> src/main.rs:6:15
[INFO] [stdout]   |
[INFO] [stdout] 6 | use std::fs::{canonicalize, read_dir, File};
[INFO] [stdout]   |               ^^^^^^^^^^^^  ^^^^^^^^
[INFO] [stdout]   |
[INFO] [stdout]   = note: `#[warn(unused_imports)]` on by default
[INFO] [stdout] 
[INFO] [stdout] 
[INFO] [stdout] error[E0433]: failed to resolve: use of undeclared type or module `ShaderVersion`
[INFO] [stdout]   --> src/main.rs:35:28
[INFO] [stdout]    |
[INFO] [stdout] 35 |     let shader_versions = [ShaderVersion::Gl];
[INFO] [stdout]    |                            ^^^^^^^^^^^^^ use of undeclared type or module `ShaderVersion`
[INFO] [stdout] 
[INFO] [stdout] 
[INFO] [stdout] error[E0433]: failed to resolve: use of undeclared type or module `ShaderVersion`
[INFO] [stdout]   --> src/main.rs:40:26
[INFO] [stdout]    |
[INFO] [stdout] 40 |         if gl_version != ShaderVersion::Gl {
[INFO] [stdout]    |                          ^^^^^^^^^^^^^ use of undeclared type or module `ShaderVersion`
[INFO] [stdout] 
[INFO] [stdout] 
[INFO] [stdout] error[E0433]: failed to resolve: use of undeclared type or module `ShaderVersion`
[INFO] [stdout]   --> src/main.rs:43:26
[INFO] [stdout]    |
[INFO] [stdout] 43 |         if gl_version != ShaderVersion::Gles {
[INFO] [stdout]    |                          ^^^^^^^^^^^^^ use of undeclared type or module `ShaderVersion`
[INFO] [stdout] 
[INFO] [stdout] 
[INFO] [stdout] error[E0433]: failed to resolve: use of undeclared type or module `ShaderVersion`
[INFO] [stdout]   --> src/main.rs:69:13
[INFO] [stdout]    |
[INFO] [stdout] 69 |             ShaderVersion::Gl => glslopt::Target::OpenGl,
[INFO] [stdout]    |             ^^^^^^^^^^^^^ use of undeclared type or module `ShaderVersion`
[INFO] [stdout] 
[INFO] [stdout] 
[INFO] [stdout] error[E0433]: failed to resolve: use of undeclared type or module `ShaderVersion`
[INFO] [stdout]   --> src/main.rs:70:13
[INFO] [stdout]    |
[INFO] [stdout] 70 |             ShaderVersion::Gles => glslopt::Target::OpenGles30,
[INFO] [stdout]    |             ^^^^^^^^^^^^^ use of undeclared type or module `ShaderVersion`
[INFO] [stdout] 
[INFO] [stdout] 
[INFO] [stdout] error[E0412]: cannot find type `ShaderVersion` in this scope
[INFO] [stdout]   --> src/main.rs:16:17
[INFO] [stdout]    |
[INFO] [stdout] 16 |     gl_version: ShaderVersion,
[INFO] [stdout]    |                 ^^^^^^^^^^^^^ not found in this scope
[INFO] [stdout] 
[INFO] [stdout] 
[INFO] [stdout] error[E0412]: cannot find type `ShaderVersion` in this scope
[INFO] [stdout]   --> src/main.rs:22:17
[INFO] [stdout]    |
[INFO] [stdout] 22 |     gl_version: ShaderVersion,
[INFO] [stdout]    |                 ^^^^^^^^^^^^^ not found in this scope
[INFO] [stdout] 
[INFO] [stdout] 
[INFO] [stdout] error[E0425]: cannot find function `build_shader_strings` in this scope
[INFO] [stdout]   --> src/main.rs:76:36
[INFO] [stdout]    |
[INFO] [stdout] 76 |         let (vert_src, frag_src) = build_shader_strings(
[INFO] [stdout]    |                                    ^^^^^^^^^^^^^^^^^^^^ not found in this scope
[INFO] [stdout] 
[INFO] [stdout] 
[INFO] [stdout] warning: unused imports: `canonicalize`, `read_dir`
[INFO] [stdout]  --> src/main.rs:6:15
[INFO] [stdout]   |
[INFO] [stdout] 6 | use std::fs::{canonicalize, read_dir, File};
[INFO] [stdout]   |               ^^^^^^^^^^^^  ^^^^^^^^
[INFO] [stdout]   |
[INFO] [stdout]   = note: `#[warn(unused_imports)]` on by default
[INFO] [stdout] 
[INFO] [stdout] 
[INFO] [stdout] error[E0277]: the trait bound `webrender_build::shader::ProgramSourceDigest: From<DefaultHasher>` is not satisfied
[INFO] [stdout]    --> src/main.rs:113:50
[INFO] [stdout]     |
[INFO] [stdout] 113 |         let digest: ProgramSourceDigest = hasher.into();
[INFO] [stdout]     |                                                  ^^^^ the trait `From<DefaultHasher>` is not implemented for `webrender_build::shader::ProgramSourceDigest`
[INFO] [stdout]     |
[INFO] [stdout]     = help: the following implementations were found:
[INFO] [stdout]               <webrender_build::shader::ProgramSourceDigest as From<Sha256>>
[INFO] [stdout]     = note: required because of the requirements on the impl of `Into<webrender_build::shader::ProgramSourceDigest>` for `DefaultHasher`
[INFO] [stdout] 
[INFO] [stdout] 
[INFO] [stdout] error: aborting due to 10 previous errors; 1 warning emitted
[INFO] [stdout] 
[INFO] [stdout] 
[INFO] [stdout] Some errors have detailed explanations: E0277, E0412, E0425, E0432, E0433.
[INFO] [stdout] 
[INFO] [stdout] For more information about an error, try `rustc --explain E0277`.
[INFO] [stdout] 
[INFO] [stderr] error: could not compile `glslopt-crasher`.
[INFO] [stderr] 
[INFO] [stderr] To learn more, run the command again with --verbose.
[INFO] [stderr] warning: build failed, waiting for other jobs to finish...
[INFO] [stdout] error[E0277]: the trait bound `webrender_build::shader::ProgramSourceDigest: From<DefaultHasher>` is not satisfied
[INFO] [stdout]    --> src/main.rs:113:50
[INFO] [stdout]     |
[INFO] [stdout] 113 |         let digest: ProgramSourceDigest = hasher.into();
[INFO] [stdout]     |                                                  ^^^^ the trait `From<DefaultHasher>` is not implemented for `webrender_build::shader::ProgramSourceDigest`
[INFO] [stdout]     |
[INFO] [stdout]     = help: the following implementations were found:
[INFO] [stdout]               <webrender_build::shader::ProgramSourceDigest as From<Sha256>>
[INFO] [stdout]     = note: required because of the requirements on the impl of `Into<webrender_build::shader::ProgramSourceDigest>` for `DefaultHasher`
[INFO] [stdout] 
[INFO] [stdout] 
[INFO] [stdout] error: aborting due to 10 previous errors; 1 warning emitted
[INFO] [stdout] 
[INFO] [stdout] 
[INFO] [stdout] Some errors have detailed explanations: E0277, E0412, E0425, E0432, E0433.
[INFO] [stdout] 
[INFO] [stdout] For more information about an error, try `rustc --explain E0277`.
[INFO] [stdout] 
[INFO] [stderr] error: build failed
[INFO] running `Command { std: "docker" "inspect" "7a47f10b9b0389b4535912a6815e5817c79b4e48f49960591f1a65b4f664e13b", kill_on_drop: false }`
[INFO] running `Command { std: "docker" "rm" "-f" "7a47f10b9b0389b4535912a6815e5817c79b4e48f49960591f1a65b4f664e13b", kill_on_drop: false }`
[INFO] [stdout] 7a47f10b9b0389b4535912a6815e5817c79b4e48f49960591f1a65b4f664e13b
